.
7, 147910913
List the prime factors of 34646091.
3, 11548697
What are the prime factors of 349130203?
3203, 109001
What are the prime factors of 464842800?
2, 3, 5, 14347
What are the prime factors of 16458669?
3, 17, 97, 1109
List the prime factors of 136073024.
2, 2126141
What are the prime factors of 241795130?
2, 5, 24179513
List the prime factors of 620801458.
2, 167, 853, 2179
List the prime factors of 1556034533.
2161, 720053
List the prime factors of 2407855822.
2, 199, 6049889
What are the prime factors of 11423268?
2, 3, 35257
List the prime factors of 44619560.
2, 5, 17, 65617
What are the prime factors of 93509873?
113, 827521
List the prime factors of 85690278.
2, 3, 1586857
List the prime factors of 43616320.
2, 5, 11, 12391
What are the prime factors of 2184498430?
2, 5, 47, 109, 42641
List the prime factors of 298472032.
2, 59, 149, 1061
List the prime factors of 2239787365.
5, 2609, 171697
What are the prime factors of 2535676264?
2, 11, 421, 68443
What are the prime factors of 56140150?
2, 5, 11, 103, 991
List the prime factors of 45283076.
2, 821, 13789
List the prime factors of 113322446.
2, 4493, 12611
List the prime factors of 634388160.
2, 3, 5, 7, 67, 1409
What are the prime factors of 1733673?
3, 317, 1823
What are the prime factors of 94816399?
29, 3269531
What are the prime factors of 5504616032?
2, 172019251
What are the prime factors of 32043193?
7, 13, 352123
What are the prime factors of 2305264?
2, 13, 11083
What are the prime factors of 2312608572?
2, 3, 53, 421, 2879
List the prime factors of 1140905107.
277, 1549, 2659
What are the prime factors of 54710362?
2, 7, 43, 12983
List the prime factors of 390078933.
3, 739, 175949
List the prime factors of 4388414679.
3, 11, 1289, 3821
List the prime factors of 951113776.
2, 67, 887233
What are the prime factors of 626709878?
2, 313354939
What are the prime factors of 89739691?
89739691
List the prime factors of 233585949.
3, 77861983
What are the prime factors of 142163863?
59, 101, 23857
What are the prime factors of 526794246?
2, 3, 11, 886859
What are the prime factors of 363787170?
2, 3, 5, 31, 443, 883
List the prime factors of 1053527244.
2, 3, 7, 11, 23269
What are the prime factors of 14103573?
3, 11, 427381
List the prime factors of 28041292.
2, 7010323
What are the prime factors of 5199243?
3, 7, 113, 313
List the prime factors of 78034839.
3, 26011613
List the prime factors of 880444583.
271, 1759, 1847
List the prime factors of 586269746.
2, 97, 887, 3407
List the prime factors of 2610671934.
2, 3, 13, 19, 587, 3001
List the prime factors of 1633446212.
2, 157, 2601029
List the prime factors of 3838394687.
19, 71, 2845363
What are the prime factors of 165723232?
2, 857, 6043
What are the prime factors of 301321547?
197, 331, 4621
What are the prime factors of 1278196285?
5, 43, 163, 36473
List the prime factors of 3344763311.
17, 196750783
What are the prime factors of 221306172?
2, 3, 18442181
List the prime factors of 242728668.
2, 3, 7, 13, 74093
List the prime factors of 887502583.
11, 80682053
What are the prime factors of 2025732994?
2, 19, 47, 397, 2857
List the prime factors of 29476765.
5, 5895353
What are the prime factors of 244678622?
2, 89, 109, 12611
List the prime factors of 59449678.
2, 29724839
List the prime factors of 40211224.
2, 5026403
List the prime factors of 2811625389.
3, 41, 7619581
What are the prime factors of 119859354?
2, 3, 37, 179969
List the prime factors of 769611403.
11, 17, 4115569
What are the prime factors of 26689737?
3, 19, 468241
What are the prime factors of 254092066?
2, 127046033
What are the prime factors of 3218556352?
2, 11, 4571813
List the prime factors of 127537765.
5, 929, 27457
What are the prime factors of 17554131?
3, 7, 131, 709
List the prime factors of 495417157.
495417157
What are the prime factors of 29844992?
2, 71, 821
List the prime factors of 47654752.
2, 479, 3109
What are the prime factors of 7350303?
3, 223, 10987
List the prime factors of 530796847.
7, 67, 1131763
List the prime factors of 607416890.
2, 5, 19, 23, 29, 4793
What are the prime factors of 2704408510?
2, 5, 19, 14233729
What are the prime factors of 799123126?
2, 1667, 239689
What are the prime factors of 131826340?
2, 5, 23, 179, 1601
What are the prime factors of 621982799?
3169, 196271
List the prime factors of 156004773.
3, 52001591
What are the prime factors of 2784313562?
2, 131, 1019, 10429
What are the prime factors of 1637902046?
2, 11, 74450093
What are the prime factors of 316233678?
2, 3, 52705613
List the prime factors of 548897443.
47, 89, 131221
List the prime factors of 129914385.
3, 5, 277, 31267
What are the prime factors of 5244007878?
2, 3, 32370419
What are the prime factors of 30270667?
7, 19, 43, 67, 79
List the prime factors of 262877055.
3, 5, 7, 31, 80761
What are the prime factors of 146119078?
2, 7, 109, 13679
List the prime factors of 12900938.
2, 37, 174337
What are the prime factors of 400688089?
383, 1046183
List the prime factors of 181459317.
3, 13, 41, 283, 401
List the prime factors of 1291603031.
3727, 346553
What are the prime factors of 200268611?
200268611
What are the prime factors of 32532051?
3, 23, 31, 67, 227
List the prime factors of 468193223.
468193223
List the prime factors of 525319783.
525319783
What are the prime factors of 657452271?
3, 7, 17, 1841603
What are the prime factors of 65934030?
2, 3, 5, 67, 32803
List the prime factors of 6902834693.
337, 20483189
What are the prime factors of 483782776?
2, 31, 62927
What are the prime factors of 2805854885?
5, 41, 13687097
What are the prime factors of 2321768000?
2, 5, 59, 4919
What are the prime factors of 117369194?
2, 19, 79, 39097
What are the prime factors of 1562253229?
29, 149, 361549
List the prime factors of 54588776.
2, 11, 71, 8737
List the prime factors of 411060282.
2, 3, 68510047
List the prime factors of 1302368160.
2, 3, 5, 2713267
What are the prime factors of 14150789?
233, 60733
List the prime factors of 278499817.
278499817
What are the prime factors of 279473302?
2, 17, 41, 200483
What are the prime factors of 85917005?
5, 131, 131171
What are the prime factors of 20115558?
2, 3, 467, 2393
What are the prime factors of 54315108?
2, 3, 1508753
List the prime factors of 2286121030.
2, 5, 1613, 141731
What are the prime factors of 70179379?
59, 1189481
List the prime factors of 75261939.
3, 1361, 18433
What are the prime factors of 140865940?
2, 5, 83, 84859
What are the prime factors of 464886329?
464886329
What are the prime factors of 19378384?
2, 79, 15331
What are the prime factors of 1654131179?
479, 3453301
What are the prime factors of 558820210?
2, 5, 13, 19, 233, 971
What are the prime factors of 121687484?
2, 30421871
What are the prime factors of 23142708?
2, 3, 642853
List the prime factors of 25153103.
25153103
What are the prime factors of 215038684?
2, 7, 23, 333911
List the prime factors of 153492847.
17, 9028991
What are the prime factors of 20027582?
2, 37, 241, 1123
List the prime factors of 41661360.
2, 3, 5, 13, 4451
List the prime factors of 48254046.
2, 3, 23, 349667
List the prime factors of 2844552369.
3, 29567, 32069
What are the prime factors of 42202697?
67, 629891
List the prime factors of 89708526.
2, 3, 109, 15241
What are the prime factors of 57178349?
227, 251887
List the prime factors of 1374518163.
3, 181, 379, 6679
List the prime factors of 1010257629.
3, 113, 349, 8539
What are the prime factors of 66901132?
2, 661, 25303
What are the prime factors of 254686738?
2, 2551, 49919
What are the prime factors of 703038970?
2, 5, 70303897
List the prime factors of 703712032.
2, 21991001
List the prime factors of 312529295.
5, 13, 103, 46681
List the prime factors of 37411318.
2, 7, 2672237
What are the prime factors of 2110923564?
2, 3, 1087, 161831
List the prime factors of 217064292.
2, 3, 18088691
What are the prime factors of 282529555?
5, 7, 11, 66713
What are the prime factors of 48006014?
2, 7, 23, 149087
List the prime factors of 6627942665.
5, 21767, 60899
What are the prime factors of 1038014186?
2, 11, 17, 61, 173, 263
List the prime factors of 866823002.
2, 421, 1029481
List the prime factors of 224533803.
3, 13, 5757277
What are the prime factors of 49055